= 75*g - 31*g - 352. Suppose 4*q = 3*k - 40 - 0, 0 = -4*k + 4*q + 48. Calculate the greatest common divisor of g and k.
8
Suppose 4*u - 28 = -2*l, -3*l - u = 2*u - 30. Suppose 0 = -x + l - 0. Calculate the greatest common factor of x and 12.
6
Let c(d) = d**3 + 6*d**2 - 6*d. Let f be c(-6). Suppose 9 = -5*g + 2*g. Let t be (-98)/(-8) + g/12. What is the greatest common divisor of f and t?
12
Suppose 263*x - 274*x + 220 = 0. Suppose 0*p - 5*p = -100. Calculate the highest common factor of p and x.
20
Let i be 6/(-3)*(-25)/10*30. Calculate the greatest common divisor of 30 and i.
30
Let z = -12 - -57. Calculate the greatest common divisor of z and 9.
9
Suppose 312 = 5*x - 0*t - 2*t, 0 = -5*x + 5*t + 315. Let i = 132 - x. What is the greatest common factor of 10 and i?
10
Suppose u + 0*u = 0. Suppose 3*b + w = -0*b + 59, 3*w - 15 = u. What is the highest common divisor of b and 144?
18
Let m be (2*-240)/((3213/210)/(-51)). Calculate the greatest common factor of m and 16.
16
Suppose -66*j = -63*j - 84. Calculate the highest common factor of j and 196.
28
Let c be (-44)/((2/6)/(1/(-6))). Calculate the greatest common divisor of c and 6.
2
Let p(r) = 4*r + 34. Let i be p(-6). Suppose -2*g - g = -45. Suppose g = -0*x + x. Calculate the greatest common divisor of i and x.
5
Let n be 3708/66 + (-2)/11. What is the greatest common factor of n and 35?
7
Let a be 16/(-5 - 102/(-18)). Let l be (0 + -2)/(2/(-4)). Let w = l + 2. Calculate the highest common divisor of a and w.
6
Suppose -6 = -w - 0. Suppose -3*s + 9 = 0, 5*s + 116 = 5*q + 1. Let g = q - 20. Calculate the greatest common divisor of w and g.
6
Let h(m) = m + 11. Let j = 20 - 35. Let o be h(j). Let a(c) = -9*c - 16. Let w be a(o). What is the highest common factor of w and 5?
5
Let m(g) = 29*g**2 + 58*g - 1. Let c be m(-4). Suppose 4 + 59 = 3*z. What is the highest common factor of c and z?
21
Suppose 0 = 4*j - 111 + 23. Suppose 0 = 6*d - 50 - j. Calculate the highest common factor of d and 60.
12
Let z = -233 + 234. Calculate the greatest common factor of z and 8.
1
Suppose 20*c - 22*c + 58 = 2*d, 5*d - 127 = c. What is the highest common divisor of d and 1131?
13
Suppose 2*d + 10 = 0, 52 - 4 = i + 3*d. What is the greatest common factor of 36 and i?
9
Suppose 2*g - 8 = 0, -5*r + 113 + 429 = -2*g. Let j = r + -70. What is the highest common divisor of 20 and j?
20
Suppose -5*z - 25 = 5*y, -5*y + 0*y - 25 = -z. Suppose 3*n - 2*h - 37 = z, -3*n - 3*h + 41 = -h. What is the greatest common factor of 26 and n?
13
Let k be (9 - 18 - -46) + 5. What is the highest common divisor of 322 and k?
14
Let u(k) = 5*k**2 - 21*k - 42. Let i be u(-2). Calculate the highest common factor of 190 and i.
10
Suppose 12 = -4*s + 3*c + 43, -4*s + c = -21. Suppose -2*i - 3*y - 11 = -3*i, 4*y + 84 = s*i. Calculate the greatest common divisor of 234 and i.
26
Let y(q) = 2*q + 14. Let l be y(-5). What is the greatest common factor of 6 and l?
2
Suppose -2*w + 4*w = 138. Let c = w + -26. What is the greatest common divisor of 86 and c?
43
Let o(j) = j**3 + 6*j**2 - 128*j - 894. Let u be o(-9). Let x(d) = -d**2 - d + 15. Let i be x(0). Calculate the highest common divisor of u and i.
15
Let j(p) = 219*p**2 - 6*p - 1. Let k be j(-1). What is the greatest common factor of k and 28?
28
Suppose -12*v + 15*v - 12 = 0. Suppose 0 = -7*w + 248 + v. Let u = 28 - 4. What is the highest common factor of u and w?
12
Let m = 6 - -7. Let z(f) = -2*f**3 - 12*f**2 - 7*f - 4. Let n(v) = v + 11. Let y be n(-18). Let t be z(y). Calculate the greatest common factor of m and t.
13
Let q be (-6)/12 - (-14)/4. Suppose 3*a + a + q*v = 170, -4*a - 4*v + 172 = 0. Let z = a - 28. What is the greatest common divisor of 26 and z?
13
Let r be (21 + 0)*(-6)/(-9). Let h(n) = n**2 - 4*n + 13. Let i be h(4). Let y = i - -8. Calculate the highest common divisor of r and y.
7
Let a(b) = -3 - 13 - b + 29. Let g be a(10). Calculate the greatest common factor of 3 and g.
3
Let x = -28 + 38. Suppose -2 - x = -4*i. Suppose 4*h = -i*f + 474, 94 + 62 = f + 2*h. What is the highest common factor of f and 18?
18
Suppose -4 = 4*z - 8*z. Let j be 25 - 2 - -2*z. Suppose -241*g + 80 = -225*g. What is the greatest common divisor of g and j?
5
Suppose -5*o - 2*q + 1150 = 2*q, 0 = o - 5*q - 259. What is the greatest common factor of o and 18?
18
Let a = 19 + -13. Suppose 2*q - a + 0 = 0. Let z be 2/(-3)*-14*q. Calculate the highest common divisor of z and 42.
14
Let i = -20 + 24. Suppose -3*y - 30 = -i*y. What is the greatest common factor of y and 20?
10
Suppose -44 = -2*g + 3*n + 7, 80 = 5*g + 2*n. What is the greatest common factor of g and 279?
9
Let n = 8827 - 8593. Let k(p) = -p**3 + 2*p**2 + 2. Let s be k(-2). Calculate the greatest common factor of s and n.
18
Let o(h) = 56*h + 384. Let l be o(-2). Calculate the highest common divisor of l and 144.
16
Suppose -120 = -g + 6. Suppose 3*q - g = -0*q. What is the highest common factor of 14 and q?
14
Suppose 5*o - 205 = 335. What is the highest common divisor of o and 12?
12
Let n be 6/(-51) + 414/51. What is the greatest common divisor of 104 and n?
8
Let s(r) = 7*r + 2. Let u be s(3). Let n(m) = -77*m + 14. Let t be n(-4). Suppose -161 = -v + b, v - t = -v + b. What is the highest common divisor of v and u?
23
Let r(x) = -x**3 - 4*x**2 + 10*x + 7. Let i be r(-6). Suppose -4*q - 280 = -9*q. Let b = 132 - q. What is the highest common factor of i and b?
19
Let y be ((-12)/(-10))/(21/70). Suppose 330 = y*u - 70. Let g = u - 58. Calculate the greatest common divisor of g and 6.
6
Let i be (4/(-6))/(16/(-72)). What is the highest common factor of i and 33?
3
Let n = -207 + 203. Let p be (-8)/(-6) + 6293/21 + n. Suppose -2*b - 5*v = -0*v - 59, 5*b = v + 134. What is the greatest common factor of p and b?
27
Suppose -6*s + 8*s = -10, 4*s + 195 = 5*w. Calculate the highest common factor of 35 and w.
35
Let c = 1924 - -758. What is the greatest common divisor of 18 and c?
18
Let i(y) = -18*y - 116. Let v be i(-7). What is the greatest common factor of v and 430?
10
Let z(s) = -10*s**3 - 12*s**2 + 6*s + 10. Let w be z(-3). What is the greatest common factor of w and 176?
22
Let a(j) = j**3 + j**2 + 3*j + 17. Let o be a(0). Let i be (-3)/(-18) - 165/18. Let v be (-609)/i + 1/3. What is the highest common factor of o and v?
17
Let p be (-12 - -9)*(-2 + 1). Let t be (-1 - -2)*3 + p. Calculate the highest common factor of t and 24.
6
Let w be ((-8)/10)/(((-156)/1125)/26). Calculate the highest common divisor of w and 2.
2
Let l be ((-354)/(-16))/(30/(-20))*-36. Calculate the highest common divisor of l and 59.
59
Let l be 4/(2/(28 + 0)). Suppose -764 = -c - c. Let g = c + -242. Calculate the highest common divisor of l and g.
28
Let t be 5 + (-1)/2*-2. Let d be 6/(-10) + (-9)/(-15). Suppose d = 3*r + 2*r - 330. What is the highest common divisor of t and r?
6
Suppose -t = 18*o - 22*o - 13, -5*t + 5*o = -110. What is the greatest common divisor of t and 200?
25
Let q(w) = -13*w - 88. Let m be q(-12). Suppose -4*b + 5*b - 170 = 0. What is the highest common factor of m and b?
34
Suppose -j = -3*j + 6. Let i be 0 + 52 - (1 - j). Let o be ((-3)/5)/(1/(-10)). Calculate the greatest common divisor of i and o.
6
Let w be 1/3*1197/3. Suppose -1 = h - 0. Let r be h*3*76/(-12). Calculate the highest common factor of w and r.
19
Let n(q) = 25*q - 320. Let c be n(18). Suppose -26 = -0*j - j. Calculate the greatest common factor of c and j.
26
Suppose 0 = 4*h - 15 - 1. Suppose -2*p - 8 = -4*p. Suppose -p*d + 500 = 4*r, -h*d - 238 = -2*r - 3*d. What is the greatest common divisor of 11 and r?
11
Let o = 26 + -24. Let t be (16/(-3))/(o/(-12)). Let n = t - 8. Calculate the greatest common factor of 16 and n.
8
Let d = -84 - -99. Suppose 0 = -n + 4*l - l + d, 2*n + 3*l = 30. Let c = 0 - -3. What is the highest common factor of c and n?
3
Let d(c) = -2*c - 16. Let m be d(-11). Suppose -3*p - 41 = 19. Let l be ((-120)/(-50))/((-1)/p). Calculate the greatest common divisor of l and m.
6
Suppose 29 = 2*n - 3*w, -3*w + 2 + 45 = 2*n. Let r(o) = 4*o + 3*o - n*o. Let l be r(-2). Calculate the greatest common divisor of 168 and l.
24
Suppose 5*h - u - 113 = 0, 126 = 4*h - u + 35. Let n = -18 + h. What is the highest common factor of n and 2?
2
Suppose